[INFO] fetching crate pnetlink 0.0.3...
[INFO] checking pnetlink-0.0.3 against master#af3c6e733a40e671550e0f0f5aeecaa13772ba56 for pr-74989
[INFO] extracting crate pnetlink 0.0.3 into /workspace/builds/worker-2/source
[INFO] validating manifest of crates.io crate pnetlink 0.0.3 on toolchain af3c6e733a40e671550e0f0f5aeecaa13772ba56
[INFO] running `Command { std: "/workspace/cargo-home/bin/cargo" "+af3c6e733a40e671550e0f0f5aeecaa13772ba56" "read-manifest" "--manifest-path" "Cargo.toml", kill_on_drop: false }`
[INFO] started tweaking crates.io crate pnetlink 0.0.3
[INFO] finished tweaking crates.io crate pnetlink 0.0.3
[INFO] tweaked toml for crates.io crate pnetlink 0.0.3 written to /workspace/builds/worker-2/source/Cargo.toml
[INFO] running `Command { std: "/workspace/cargo-home/bin/cargo" "+af3c6e733a40e671550e0f0f5aeecaa13772ba56" "generate-lockfile" "--manifest-path" "Cargo.toml" "-Zno-index-update", kill_on_drop: false }`
[INFO] running `Command { std: "/workspace/cargo-home/bin/cargo" "+af3c6e733a40e671550e0f0f5aeecaa13772ba56" "fetch" "--locked" "--manifest-path" "Cargo.toml", kill_on_drop: false }`
[INFO] running `Command { std: "docker" "create" "-v" "/var/lib/crater-agent-workspace/builds/worker-2/target:/opt/rustwide/target:rw,Z" "-v" "/var/lib/crater-agent-workspace/builds/worker-2/source:/opt/rustwide/workdir:ro,Z" "-v" "/var/lib/crater-agent-workspace/cargo-home:/opt/rustwide/cargo-home:ro,Z" "-v" "/var/lib/crater-agent-workspace/rustup-home:/opt/rustwide/rustup-home:ro,Z" "-e" "SOURCE_DIR=/opt/rustwide/workdir" "-e" "CARGO_TARGET_DIR=/opt/rustwide/target" "-e" "CARGO_HOME=/opt/rustwide/cargo-home" "-e" "RUSTUP_HOME=/opt/rustwide/rustup-home" "-w" "/opt/rustwide/workdir" "-m" "1610612736" "--user" "0:0" "--network" "none" "rustops/crates-build-env@sha256:d92eaeed33fa75130ca1ee6c8a01d1ffb62bac859dfdfb3450e3e5d1c0146529" "/opt/rustwide/cargo-home/bin/cargo" "+af3c6e733a40e671550e0f0f5aeecaa13772ba56" "metadata" "--no-deps" "--format-version=1", kill_on_drop: false }`
[INFO] [stderr] WARNING: Your kernel does not support swap limit capabilities or the cgroup is not mounted. Memory limited without swap.
[INFO] [stdout] e99a73451b5e82794e08488af4c2076bc4e78eee745676587ee1de35bed477ca
[INFO] running `Command { std: "docker" "start" "-a" "e99a73451b5e82794e08488af4c2076bc4e78eee745676587ee1de35bed477ca", kill_on_drop: false }`
[INFO] running `Command { std: "docker" "inspect" "e99a73451b5e82794e08488af4c2076bc4e78eee745676587ee1de35bed477ca", kill_on_drop: false }`
[INFO] running `Command { std: "docker" "rm" "-f" "e99a73451b5e82794e08488af4c2076bc4e78eee745676587ee1de35bed477ca", kill_on_drop: false }`
[INFO] [stdout] e99a73451b5e82794e08488af4c2076bc4e78eee745676587ee1de35bed477ca
[INFO] running `Command { std: "docker" "create" "-v" "/var/lib/crater-agent-workspace/builds/worker-2/target:/opt/rustwide/target:rw,Z" "-v" "/var/lib/crater-agent-workspace/builds/worker-2/source:/opt/rustwide/workdir:ro,Z" "-v" "/var/lib/crater-agent-workspace/cargo-home:/opt/rustwide/cargo-home:ro,Z" "-v" "/var/lib/crater-agent-workspace/rustup-home:/opt/rustwide/rustup-home:ro,Z" "-e" "SOURCE_DIR=/opt/rustwide/workdir" "-e" "CARGO_TARGET_DIR=/opt/rustwide/target" "-e" "CARGO_INCREMENTAL=0" "-e" "RUST_BACKTRACE=full" "-e" "RUSTFLAGS=--cap-lints=forbid" "-e" "CARGO_HOME=/opt/rustwide/cargo-home" "-e" "RUSTUP_HOME=/opt/rustwide/rustup-home" "-w" "/opt/rustwide/workdir" "-m" "1610612736" "--user" "0:0" "--network" "none" "rustops/crates-build-env@sha256:d92eaeed33fa75130ca1ee6c8a01d1ffb62bac859dfdfb3450e3e5d1c0146529" "/opt/rustwide/cargo-home/bin/cargo" "+af3c6e733a40e671550e0f0f5aeecaa13772ba56" "check" "--frozen" "--all" "--all-targets" "--message-format=json", kill_on_drop: false }`
[INFO] [stdout] bd10bd0275f3cfcefc68a521eefd68f14bfc719ebfd63f9471488c5b1484be37
[INFO] [stderr] WARNING: Your kernel does not support swap limit capabilities or the cgroup is not mounted. Memory limited without swap.
[INFO] running `Command { std: "docker" "start" "-a" "bd10bd0275f3cfcefc68a521eefd68f14bfc719ebfd63f9471488c5b1484be37", kill_on_drop: false }`
[INFO] [stderr]    Compiling log v0.4.11
[INFO] [stderr]    Compiling memchr v2.3.3
[INFO] [stderr]     Checking futures v0.1.29
[INFO] [stderr]    Compiling cfg-if v0.1.10
[INFO] [stderr]    Compiling lazy_static v1.4.0
[INFO] [stderr]    Compiling rustc-serialize v0.3.24
[INFO] [stderr]    Compiling term v0.4.6
[INFO] [stderr]    Compiling unicode-xid v0.0.3
[INFO] [stderr]    Compiling bitflags v0.5.0
[INFO] [stderr]    Compiling regex-syntax v0.6.18
[INFO] [stderr]    Compiling regex v0.2.11
[INFO] [stderr]    Compiling ucd-util v0.1.8
[INFO] [stderr]    Compiling glob v0.2.11
[INFO] [stderr]    Compiling utf8-ranges v1.0.4
[INFO] [stderr]     Checking pnet_base v0.21.0
[INFO] [stderr]     Checking pnet_base v0.26.0
[INFO] [stderr]    Compiling pnet v0.21.0
[INFO] [stderr]     Checking ipnetwork v0.12.8
[INFO] [stderr]     Checking scoped-tls v0.1.2
[INFO] [stderr]     Checking lock_api v0.3.4
[INFO] [stderr]    Compiling thread_local v1.0.1
[INFO] [stderr]    Compiling thread_local v0.3.6
[INFO] [stderr]    Compiling regex-syntax v0.5.6
[INFO] [stderr]     Checking pnet_macros_support v0.21.0
[INFO] [stderr]    Compiling libc v0.2.77
[INFO] [stderr]     Checking iovec v0.1.4
[INFO] [stderr]     Checking net2 v0.2.35
[INFO] [stderr]     Checking pnet_sys v0.21.0
[INFO] [stderr]     Checking rand v0.4.6
[INFO] [stderr]     Checking smallvec v0.6.13
[INFO] [stderr]     Checking bytes v0.4.12
[INFO] [stderr]     Checking crossbeam-queue v0.2.3
[INFO] [stderr]     Checking pnet_datalink v0.21.0
[INFO] [stderr]    Compiling log v0.3.9
[INFO] [stderr]     Checking parking_lot_core v0.6.2
[INFO] [stderr]     Checking mio v0.6.22
[INFO] [stderr]     Checking parking_lot v0.9.0
[INFO] [stderr]    Compiling aho-corasick v0.7.13
[INFO] [stderr]    Compiling aho-corasick v0.6.10
[INFO] [stderr]     Checking mio-uds v0.6.8
[INFO] [stderr]     Checking tokio-executor v0.1.10
[INFO] [stderr]     Checking tokio-io v0.1.13
[INFO] [stderr]     Checking tokio-sync v0.1.8
[INFO] [stderr]     Checking tokio-threadpool v0.1.18
[INFO] [stderr]     Checking tokio-timer v0.2.13
[INFO] [stderr]     Checking tokio-current-thread v0.1.7
[INFO] [stderr]     Checking tokio-codec v0.1.2
[INFO] [stderr]     Checking tokio-reactor v0.1.12
[INFO] [stderr]     Checking tokio-fs v0.1.7
[INFO] [stderr]     Checking tokio-tcp v0.1.4
[INFO] [stderr]     Checking tokio-uds v0.2.7
[INFO] [stderr]     Checking tokio-udp v0.1.6
[INFO] [stderr]     Checking tokio v0.1.22
[INFO] [stderr]    Compiling syntex_pos v0.42.0
[INFO] [stderr]     Checking tokio-core v0.1.17
[INFO] [stderr]    Compiling syntex_errors v0.42.0
[INFO] [stderr]    Compiling syntex_syntax v0.42.0
[INFO] [stderr]    Compiling regex v1.3.9
[INFO] [stderr]    Compiling syntex v0.42.2
[INFO] [stderr]    Compiling pnet_macros v0.26.0
[INFO] [stderr]    Compiling pnet_macros v0.21.0
[INFO] [stderr]    Compiling pnet_packet v0.21.0
[INFO] [stderr]    Compiling pnetlink v0.0.3 (/opt/rustwide/workdir)
[INFO] [stdout] error[E0599]: no method named `to_primitive_values` found for struct `MacAddr` in the current scope
[INFO] [stdout]    --> /opt/rustwide/target/debug/build/pnet_packet-d439d22c57e2d81f/out/ethernet.rs:442:24
[INFO] [stdout]     |
[INFO] [stdout] 442 |         let vals = val.to_primitive_values();
[INFO] [stdout]     |                        ^^^^^^^^^^^^^^^^^^^ method not found in `MacAddr`
[INFO] [stdout] 
[INFO] [stdout] 
[INFO] [stdout] error[E0599]: no method named `to_primitive_values` found for struct `MacAddr` in the current scope
[INFO] [stdout]    --> /opt/rustwide/target/debug/build/pnet_packet-d439d22c57e2d81f/out/ethernet.rs:499:24
[INFO] [stdout]     |
[INFO] [stdout] 499 |         let vals = val.to_primitive_values();
[INFO] [stdout]     |                        ^^^^^^^^^^^^^^^^^^^ method not found in `MacAddr`
[INFO] [stdout] 
[INFO] [stdout] 
[INFO] [stdout] error[E0599]: no method named `to_primitive_values` found for struct `MacAddr` in the current scope
[INFO] [stdout]    --> /opt/rustwide/target/debug/build/pnet_packet-d439d22c57e2d81f/out/arp.rs:776:24
[INFO] [stdout]     |
[INFO] [stdout] 776 |         let vals = val.to_primitive_values();
[INFO] [stdout]     |                        ^^^^^^^^^^^^^^^^^^^ method not found in `MacAddr`
[INFO] [stdout] 
[INFO] [stdout] 
[INFO] [stdout] error[E0599]: no method named `to_primitive_values` found for struct `MacAddr` in the current scope
[INFO] [stdout]    --> /opt/rustwide/target/debug/build/pnet_packet-d439d22c57e2d81f/out/arp.rs:874:24
[INFO] [stdout]     |
[INFO] [stdout] 874 |         let vals = val.to_primitive_values();
[INFO] [stdout]     |                        ^^^^^^^^^^^^^^^^^^^ method not found in `MacAddr`
[INFO] [stdout] 
[INFO] [stdout] 
[INFO] [stdout] error: aborting due to 4 previous errors
[INFO] [stdout] 
[INFO] [stdout] 
[INFO] [stdout] For more information about this error, try `rustc --explain E0599`.
[INFO] [stdout] 
[INFO] [stderr] error: could not compile `pnet_packet`.
[INFO] [stderr] 
[INFO] [stderr] To learn more, run the command again with --verbose.
[INFO] running `Command { std: "docker" "inspect" "bd10bd0275f3cfcefc68a521eefd68f14bfc719ebfd63f9471488c5b1484be37", kill_on_drop: false }`
[INFO] running `Command { std: "docker" "rm" "-f" "bd10bd0275f3cfcefc68a521eefd68f14bfc719ebfd63f9471488c5b1484be37", kill_on_drop: false }`
[INFO] [stdout] bd10bd0275f3cfcefc68a521eefd68f14bfc719ebfd63f9471488c5b1484be37
